{"id":11419,"date":"2016-12-05T16:29:56","date_gmt":"2016-12-05T16:29:56","guid":{"rendered":"https:\/\/morz.vamtam.com\/?page_id=11419"},"modified":"2025-06-18T07:57:08","modified_gmt":"2025-06-18T07:57:08","slug":"home","status":"publish","type":"page","link":"https:\/\/cmgirona.es\/","title":{"rendered":"Inicio"},"content":{"rendered":"<div class=\"vgblk-rw-wrapper limit-wrapper\">\n<h2>\n\tSectores industriales<br \/>\n\t<\/h2>\n\t<a href=\"https:\/\/cmgirona.es\/index.php\/sectores\/\" target=\"_self\" role=\"button\">\n\t\t\t\t\t<b>VER TODOS LOS SECTORES<\/b>\n\t<\/a>\n\t<h2>Experiencia, Profesionalidad y Seguridad<\/h2>\n<h4>Llevamos 50 a\u00f1os siendo una empresa de transporte referente dedicada al transporte de mercanc\u00edas generales y mercanc\u00edas peligrosas, 85% de nuestros conductores disponen de la titulaci\u00f3n necesaria para el transporte de mercanc\u00eda peligrosa y 100% de nuestros profesionales son propios, formados continuamente en materia de seguridad.<\/h4>\n\t<a href=\"https:\/\/cmgirona.es\/index.php\/quienes-somos\/\" target=\"_self\" role=\"button\">\n\t\t\t\t\tM\u00c1S SOBRE CENTRAL DE MANTENIMENT GIRONA \u2192\n\t<\/a>\n<h2>\n\tCalidad y <strong>Sostenibilidad<\/strong>\n\t<\/h2>\n\t\t\t100%\n<h5>\n\tCertificaci\u00f3n ISO 9001:2015\n\t<\/h5>\n\t\t\t100%\n<h5>\n\tNeum\u00e1ticos Ecol\u00f3gicos\n\t<\/h5>\n\t\t\tCO2\n<h5>\n\tEmisiones Reducidas\n\t<\/h5>\n\t\t\t100%\n<h5>\n\tTractoras con Motor Euro VI\n\t<\/h5>\n\n<\/div><!-- .vgblk-rw-wrapper -->","protected":false},"excerpt":{"rendered":"<p>Sectores industriales VER TODOS LOS SECTORES Experiencia, Profesionalidad y Seguridad Llevamos 50 a\u00f1os siendo una empresa de transporte referente dedicada al transporte de mercanc\u00edas generales y mercanc\u00edas peligrosas, 85% de&#8230;<\/p>\n","protected":false},"author":1,"featured_media":0,"parent":0,"menu_order":0,"comment_status":"closed","ping_status":"closed","template":"","meta":{"footnotes":""},"class_list":["post-11419","page","type-page","status-publish","hentry"],"_links":{"self":[{"href":"https:\/\/cmgirona.es\/index.php\/wp-json\/wp\/v2\/pages\/11419","targetHints":{"allow":["GET"]}}],"collection":[{"href":"https:\/\/cmgirona.es\/index.php\/wp-json\/wp\/v2\/pages"}],"about":[{"href":"https:\/\/cmgirona.es\/index.php\/wp-json\/wp\/v2\/types\/page"}],"author":[{"embeddable":true,"href":"https:\/\/cmgirona.es\/index.php\/wp-json\/wp\/v2\/users\/1"}],"replies":[{"embeddable":true,"href":"https:\/\/cmgirona.es\/index.php\/wp-json\/wp\/v2\/comments?post=11419"}],"version-history":[{"count":9,"href":"https:\/\/cmgirona.es\/index.php\/wp-json\/wp\/v2\/pages\/11419\/revisions"}],"predecessor-version":[{"id":987711,"href":"https:\/\/cmgirona.es\/index.php\/wp-json\/wp\/v2\/pages\/11419\/revisions\/987711"}],"wp:attachment":[{"href":"https:\/\/cmgirona.es\/index.php\/wp-json\/wp\/v2\/media?parent=11419"}],"curies":[{"name":"wp","href":"https:\/\/api.w.org\/{rel}","templated":true}]}}